{"id":6868,"date":"2025-04-01T00:25:53","date_gmt":"2025-03-31T22:25:53","guid":{"rendered":"http:\/\/portalseis.com\/?page_id=6868"},"modified":"2025-04-02T11:32:45","modified_gmt":"2025-04-02T09:32:45","slug":"equipo","status":"publish","type":"page","link":"https:\/\/portalseis.com\/index.php\/equipo\/","title":{"rendered":"Equipo"},"content":{"rendered":"\n<div class=\"wp-block-group alignfull has-global-padding is-layout-constrained wp-container-core-group-is-layout-7493a3dd wp-block-group-is-layout-constrained\" style=\"margin-top:0;margin-bottom:0;padding-top:var(--wp--preset--spacing--superbspacing-large);padding-right:var(--wp--preset--spacing--superbspacing-small);padding-bottom:var(--wp--preset--spacing--superbspacing-large);padding-left:var(--wp--preset--spacing--superbspacing-small)\">\n<div class=\"wp-block-group alignwide is-vertical is-content-justification-center is-layout-flex wp-container-core-group-is-layout-4c120eef wp-block-group-is-layout-flex\">\n<h3 class=\"wp-block-heading has-text-align-left has-primary-color has-text-color has-superbfont-small-font-size\">Qui\u00e9nes somos<\/h3>\n\n\n\n<h2 class=\"wp-block-heading has-text-align-center has-contrast-color has-text-color has-superbfont-xlarge-font-size\">Inspiring minds<\/h2>\n\n\n\n<p class=\"has-text-align-center has-secondary-color has-text-color has-superbfont-small-font-size\">Creamos contextos inspiradores para trabajar con ilusi\u00f3n.<\/p>\n<\/div>\n\n\n\n<div class=\"wp-block-group alignwide has-global-padding is-layout-constrained wp-block-group-is-layout-constrained\">\n<div class=\"wp-block-columns alignwide is-layout-flex wp-container-core-columns-is-layout-f9d87e41 wp-block-columns-is-layout-flex\">\n<div class=\"wp-block-column is-vertically-aligned-top is-layout-flow wp-container-core-column-is-layout-db2cb278 wp-block-column-is-layout-flow\">\n<figure class=\"wp-block-image aligncenter size-full is-resized has-custom-border\"><img loading=\"lazy\" decoding=\"async\" width=\"472\" height=\"734\" src=\"http:\/\/portalseis.com\/wp-content\/uploads\/2025\/04\/Paula-Franco-arquitecta-portalSeis.jpg\" alt=\"\" class=\"wp-image-7048\" style=\"border-radius:0px;object-fit:cover;width:332px;height:auto\" srcset=\"https:\/\/portalseis.com\/wp-content\/uploads\/2025\/04\/Paula-Franco-arquitecta-portalSeis.jpg 472w, https:\/\/portalseis.com\/wp-content\/uploads\/2025\/04\/Paula-Franco-arquitecta-portalSeis-193x300.jpg 193w\" sizes=\"auto, (max-width: 472px) 100vw, 472px\" \/><\/figure>\n\n\n\n<div class=\"wp-block-group has-global-padding is-layout-constrained wp-container-core-group-is-layout-85cc789f wp-block-group-is-layout-constrained\">\n<div class=\"wp-block-group has-global-padding is-layout-constrained wp-container-core-group-is-layout-19e250f3 wp-block-group-is-layout-constrained\">\n<h3 class=\"wp-block-heading has-text-align-center has-contrast-color has-text-color has-superbfont-small-font-size\">Paula Franco<\/h3>\n\n\n\n<h3 class=\"wp-block-heading has-text-align-center has-contrast-color has-text-color has-superbfont-xsmall-font-size\" style=\"font-style:normal;font-weight:400\">Creadora de portalSeis<\/h3>\n<\/div>\n\n\n\n<p class=\"has-text-align-left has-secondary-color has-text-color has-superbfont-xsmall-font-size\">Arquitecta, en 2017 crea portalSeis Coworking, un espacio de trabajo enfocado a inspirar y acompa\u00f1ar el talento de profesionales cuyas ilusiones son intocables, consiguiendo que las sinergias se conviertan, de forma natural, en el esp\u00edritu de este lugar. <br>Durante 8 a\u00f1os compagina la gesti\u00f3n de portalSeis Coworking con su profesi\u00f3n al frente del estudio de arquitectura <a href=\"https:\/\/estudiopinasetti.com\/\">EstudioPinasetti<\/a>.<br><br>Habiendo sido testigo de c\u00f3mo las ideas, proyectos e ilusiones <br>de tantas personas iban cogiendo forma y convirti\u00e9ndose en realidad en aquel mismo espacio, en 2025 Paula concibe una nueva etapa en la que combinar\u00e1 su profesi\u00f3n como arquitecta con el dise\u00f1o y ejecuci\u00f3n de proyectos de diferente \u00edndole, para lo que seguir\u00e1 contando con las personas m\u00e1s profesionales e inspiradoras <br>que ha encontrado en su camino hasta aqu\u00ed.<\/p>\n\n\n\n<ul class=\"wp-block-social-links aligncenter has-icon-color is-style-logos-only is-layout-flex wp-block-social-links-is-layout-flex\"><li style=\"color:#5850EC;\" class=\"wp-social-link wp-social-link-instagram has-primary-color wp-block-social-link\"><a href=\"https:\/\/www.instagram.com\/estudiopinasetti\/\" class=\"wp-block-social-link-anchor\"><svg width=\"24\" height=\"24\" viewBox=\"0 0 24 24\" version=\"1.1\" xmlns=\"http:\/\/www.w3.org\/2000\/svg\" aria-hidden=\"true\" focusable=\"false\"><path d=\"M12,4.622c2.403,0,2.688,0.009,3.637,0.052c0.877,0.04,1.354,0.187,1.671,0.31c0.42,0.163,0.72,0.358,1.035,0.673 c0.315,0.315,0.51,0.615,0.673,1.035c0.123,0.317,0.27,0.794,0.31,1.671c0.043,0.949,0.052,1.234,0.052,3.637 s-0.009,2.688-0.052,3.637c-0.04,0.877-0.187,1.354-0.31,1.671c-0.163,0.42-0.358,0.72-0.673,1.035 c-0.315,0.315-0.615,0.51-1.035,0.673c-0.317,0.123-0.794,0.27-1.671,0.31c-0.949,0.043-1.233,0.052-3.637,0.052 s-2.688-0.009-3.637-0.052c-0.877-0.04-1.354-0.187-1.671-0.31c-0.42-0.163-0.72-0.358-1.035-0.673 c-0.315-0.315-0.51-0.615-0.673-1.035c-0.123-0.317-0.27-0.794-0.31-1.671C4.631,14.688,4.622,14.403,4.622,12 s0.009-2.688,0.052-3.637c0.04-0.877,0.187-1.354,0.31-1.671c0.163-0.42,0.358-0.72,0.673-1.035 c0.315-0.315,0.615-0.51,1.035-0.673c0.317-0.123,0.794-0.27,1.671-0.31C9.312,4.631,9.597,4.622,12,4.622 M12,3 C9.556,3,9.249,3.01,8.289,3.054C7.331,3.098,6.677,3.25,6.105,3.472C5.513,3.702,5.011,4.01,4.511,4.511 c-0.5,0.5-0.808,1.002-1.038,1.594C3.25,6.677,3.098,7.331,3.054,8.289C3.01,9.249,3,9.556,3,12c0,2.444,0.01,2.751,0.054,3.711 c0.044,0.958,0.196,1.612,0.418,2.185c0.23,0.592,0.538,1.094,1.038,1.594c0.5,0.5,1.002,0.808,1.594,1.038 c0.572,0.222,1.227,0.375,2.185,0.418C9.249,20.99,9.556,21,12,21s2.751-0.01,3.711-0.054c0.958-0.044,1.612-0.196,2.185-0.418 c0.592-0.23,1.094-0.538,1.594-1.038c0.5-0.5,0.808-1.002,1.038-1.594c0.222-0.572,0.375-1.227,0.418-2.185 C20.99,14.751,21,14.444,21,12s-0.01-2.751-0.054-3.711c-0.044-0.958-0.196-1.612-0.418-2.185c-0.23-0.592-0.538-1.094-1.038-1.594 c-0.5-0.5-1.002-0.808-1.594-1.038c-0.572-0.222-1.227-0.375-2.185-0.418C14.751,3.01,14.444,3,12,3L12,3z M12,7.378 c-2.552,0-4.622,2.069-4.622,4.622S9.448,16.622,12,16.622s4.622-2.069,4.622-4.622S14.552,7.378,12,7.378z M12,15 c-1.657,0-3-1.343-3-3s1.343-3,3-3s3,1.343,3,3S13.657,15,12,15z M16.804,6.116c-0.596,0-1.08,0.484-1.08,1.08 s0.484,1.08,1.08,1.08c0.596,0,1.08-0.484,1.08-1.08S17.401,6.116,16.804,6.116z\"><\/path><\/svg><span class=\"wp-block-social-link-label screen-reader-text\">Instagram<\/span><\/a><\/li><\/ul>\n<\/div>\n<\/div>\n\n\n\n<div class=\"wp-block-column is-vertically-aligned-top is-layout-flow wp-container-core-column-is-layout-db2cb278 wp-block-column-is-layout-flow\">\n<figure class=\"wp-block-image aligncenter size-full is-resized has-custom-border\"><img loading=\"lazy\" decoding=\"async\" width=\"694\" height=\"1088\" src=\"http:\/\/portalseis.com\/wp-content\/uploads\/2025\/04\/Captura-de-pantalla-2025-04-01-a-las-0.58.52.png\" alt=\"\" class=\"wp-image-7052\" style=\"border-radius:0px;object-fit:cover;width:329px;height:auto\" srcset=\"https:\/\/portalseis.com\/wp-content\/uploads\/2025\/04\/Captura-de-pantalla-2025-04-01-a-las-0.58.52.png 694w, https:\/\/portalseis.com\/wp-content\/uploads\/2025\/04\/Captura-de-pantalla-2025-04-01-a-las-0.58.52-191x300.png 191w, https:\/\/portalseis.com\/wp-content\/uploads\/2025\/04\/Captura-de-pantalla-2025-04-01-a-las-0.58.52-653x1024.png 653w\" sizes=\"auto, (max-width: 694px) 100vw, 694px\" \/><\/figure>\n\n\n\n<div class=\"wp-block-group has-global-padding is-layout-constrained wp-container-core-group-is-layout-85cc789f wp-block-group-is-layout-constrained\">\n<div class=\"wp-block-group has-global-padding is-layout-constrained wp-container-core-group-is-layout-19e250f3 wp-block-group-is-layout-constrained\">\n<h3 class=\"wp-block-heading has-text-align-center has-contrast-color has-text-color has-superbfont-small-font-size\">Carmina Such<\/h3>\n\n\n\n<h3 class=\"wp-block-heading has-text-align-center has-contrast-color has-text-color has-superbfont-xsmall-font-size\" style=\"font-style:normal;font-weight:400\">Alma mater de los petitComit\u00e9 en portalSeis<\/h3>\n<\/div>\n\n\n\n<p class=\"has-text-align-left has-secondary-color has-text-color has-superbfont-xsmall-font-size\">Jurista de profesi\u00f3n, y apasionada del talento creativo, desde 2017 combina su carrera en el \u00e1mbito legal con la creaci\u00f3n y coordinaci\u00f3n de los petitComit\u00e9 de portalSeis Coworking. Bajo su impulso, estos eventos se han convertido en un referente de charlas inspiradoras, talleres din\u00e1micos, desayunos, presentaciones y markets de dise\u00f1o. <br>El denominador com\u00fan de todos ellos es la apuesta por impulsar la ilusi\u00f3n de creadores y emprendedores, gener\u00e1ndoles la mejor experiencia tanto a ellos como a quienes llegan para descubrir todo lo que tienen que ofrecer.<br><br>Con su estilo cuidado y cercano, Carmina crea experiencias \u00fanicas en cada encuentro, donde los protagonistas son siempre las personas y sus ideas. Sin dejar de ejercer su profesi\u00f3n, acompa\u00f1a a portalSeis aportando su buen gusto, sensibilidad y saber hacer para llenar de alma e ilusi\u00f3n cada evento.<\/p>\n\n\n\n<ul class=\"wp-block-social-links aligncenter has-icon-color is-style-logos-only is-layout-flex wp-block-social-links-is-layout-flex\"><li style=\"color:#5850EC;\" class=\"wp-social-link wp-social-link-instagram has-primary-color wp-block-social-link\"><a href=\"https:\/\/www.instagram.com\/loquenuncatecuento\/\" class=\"wp-block-social-link-anchor\"><svg width=\"24\" height=\"24\" viewBox=\"0 0 24 24\" version=\"1.1\" xmlns=\"http:\/\/www.w3.org\/2000\/svg\" aria-hidden=\"true\" focusable=\"false\"><path d=\"M12,4.622c2.403,0,2.688,0.009,3.637,0.052c0.877,0.04,1.354,0.187,1.671,0.31c0.42,0.163,0.72,0.358,1.035,0.673 c0.315,0.315,0.51,0.615,0.673,1.035c0.123,0.317,0.27,0.794,0.31,1.671c0.043,0.949,0.052,1.234,0.052,3.637 s-0.009,2.688-0.052,3.637c-0.04,0.877-0.187,1.354-0.31,1.671c-0.163,0.42-0.358,0.72-0.673,1.035 c-0.315,0.315-0.615,0.51-1.035,0.673c-0.317,0.123-0.794,0.27-1.671,0.31c-0.949,0.043-1.233,0.052-3.637,0.052 s-2.688-0.009-3.637-0.052c-0.877-0.04-1.354-0.187-1.671-0.31c-0.42-0.163-0.72-0.358-1.035-0.673 c-0.315-0.315-0.51-0.615-0.673-1.035c-0.123-0.317-0.27-0.794-0.31-1.671C4.631,14.688,4.622,14.403,4.622,12 s0.009-2.688,0.052-3.637c0.04-0.877,0.187-1.354,0.31-1.671c0.163-0.42,0.358-0.72,0.673-1.035 c0.315-0.315,0.615-0.51,1.035-0.673c0.317-0.123,0.794-0.27,1.671-0.31C9.312,4.631,9.597,4.622,12,4.622 M12,3 C9.556,3,9.249,3.01,8.289,3.054C7.331,3.098,6.677,3.25,6.105,3.472C5.513,3.702,5.011,4.01,4.511,4.511 c-0.5,0.5-0.808,1.002-1.038,1.594C3.25,6.677,3.098,7.331,3.054,8.289C3.01,9.249,3,9.556,3,12c0,2.444,0.01,2.751,0.054,3.711 c0.044,0.958,0.196,1.612,0.418,2.185c0.23,0.592,0.538,1.094,1.038,1.594c0.5,0.5,1.002,0.808,1.594,1.038 c0.572,0.222,1.227,0.375,2.185,0.418C9.249,20.99,9.556,21,12,21s2.751-0.01,3.711-0.054c0.958-0.044,1.612-0.196,2.185-0.418 c0.592-0.23,1.094-0.538,1.594-1.038c0.5-0.5,0.808-1.002,1.038-1.594c0.222-0.572,0.375-1.227,0.418-2.185 C20.99,14.751,21,14.444,21,12s-0.01-2.751-0.054-3.711c-0.044-0.958-0.196-1.612-0.418-2.185c-0.23-0.592-0.538-1.094-1.038-1.594 c-0.5-0.5-1.002-0.808-1.594-1.038c-0.572-0.222-1.227-0.375-2.185-0.418C14.751,3.01,14.444,3,12,3L12,3z M12,7.378 c-2.552,0-4.622,2.069-4.622,4.622S9.448,16.622,12,16.622s4.622-2.069,4.622-4.622S14.552,7.378,12,7.378z M12,15 c-1.657,0-3-1.343-3-3s1.343-3,3-3s3,1.343,3,3S13.657,15,12,15z M16.804,6.116c-0.596,0-1.08,0.484-1.08,1.08 s0.484,1.08,1.08,1.08c0.596,0,1.08-0.484,1.08-1.08S17.401,6.116,16.804,6.116z\"><\/path><\/svg><span class=\"wp-block-social-link-label screen-reader-text\">Instagram<\/span><\/a><\/li><\/ul>\n<\/div>\n<\/div>\n<\/div>\n<\/div>\n<\/div>\n\n\n\n<h2 class=\"wp-block-heading has-text-align-center\">Nuestros fichajes<\/h2>\n\n\n\n<pre class=\"wp-block-verse has-text-align-center\">Antonio - Editor<br>Carola - Wellness Coach<br>David - Fotograf\u00eda<br>Lola - Arquitecta<br>Manuel - Arquitecto<br>Mar\u00eda Jes\u00fas - Arquitecta<br>Mar\u00eda Jos\u00e9 - Dise\u00f1o floral<br>Rafa - Dise\u00f1o floral <\/pre>\n\n\n\n<figure class=\"wp-block-image aligncenter size-full is-resized\"><img loading=\"lazy\" decoding=\"async\" width=\"800\" height=\"800\" src=\"http:\/\/portalseis.com\/wp-content\/uploads\/2025\/04\/portalSeis-flores-.png\" alt=\"\" class=\"wp-image-7055\" style=\"width:282px;height:auto\" srcset=\"https:\/\/portalseis.com\/wp-content\/uploads\/2025\/04\/portalSeis-flores-.png 800w, https:\/\/portalseis.com\/wp-content\/uploads\/2025\/04\/portalSeis-flores--300x300.png 300w, https:\/\/portalseis.com\/wp-content\/uploads\/2025\/04\/portalSeis-flores--150x150.png 150w, https:\/\/portalseis.com\/wp-content\/uploads\/2025\/04\/portalSeis-flores--768x768.png 768w\" sizes=\"auto, (max-width: 800px) 100vw, 800px\" \/><\/figure>\n\n\n\n<p><\/p>\n","protected":false},"excerpt":{"rendered":"<p>Qui\u00e9nes somos Inspiring minds Creamos contextos inspiradores para trabajar con ilusi\u00f3n. Paula Franco Creadora de portalSeis Arquitecta, en 2017 crea portalSeis Coworking, un espacio de trabajo enfocado a inspirar y acompa\u00f1ar el talento de profesionales cuyas ilusiones son intocables, consiguiendo que las sinergias se conviertan, de forma natural, en el esp\u00edritu de este lugar. Durante [&hellip;]<\/p>\n","protected":false},"author":1,"featured_media":0,"parent":0,"menu_order":0,"comment_status":"closed","ping_status":"closed","template":"","meta":{"footnotes":""},"class_list":["post-6868","page","type-page","status-publish","hentry"],"yoast_head":"<!-- This site is optimized with the Yoast SEO plugin v18.0 - https:\/\/yoast.com\/wordpress\/plugins\/seo\/ -->\n<meta name=\"robots\" content=\"index, follow, max-snippet:-1, max-image-preview:large, max-video-preview:-1\" \/>\n<link rel=\"canonical\" href=\"http:\/\/portalseis.com\/index.php\/equipo\/\" \/>\n<meta property=\"og:locale\" content=\"es_ES\" \/>\n<meta property=\"og:type\" content=\"article\" \/>\n<meta property=\"og:title\" content=\"Equipo - portalSeis.Co\" \/>\n<meta property=\"og:description\" content=\"Qui\u00e9nes somos Inspiring minds Creamos contextos inspiradores para trabajar con ilusi\u00f3n. Paula Franco Creadora de portalSeis Arquitecta, en 2017 crea portalSeis Coworking, un espacio de trabajo enfocado a inspirar y acompa\u00f1ar el talento de profesionales cuyas ilusiones son intocables, consiguiendo que las sinergias se conviertan, de forma natural, en el esp\u00edritu de este lugar. Durante [&hellip;]\" \/>\n<meta property=\"og:url\" content=\"http:\/\/portalseis.com\/index.php\/equipo\/\" \/>\n<meta property=\"og:site_name\" content=\"portalSeis.Co\" \/>\n<meta property=\"article:publisher\" content=\"https:\/\/www.facebook.com\/portalSeisCoworking\/\" \/>\n<meta property=\"article:modified_time\" content=\"2025-04-02T09:32:45+00:00\" \/>\n<meta property=\"og:image\" content=\"http:\/\/portalseis.com\/wp-content\/uploads\/2025\/04\/Paula-Franco-arquitecta-portalSeis.jpg\" \/>\n<meta name=\"twitter:card\" content=\"summary\" \/>\n<meta name=\"twitter:label1\" content=\"Tiempo de lectura\" \/>\n\t<meta name=\"twitter:data1\" content=\"2 minutos\" \/>\n<script type=\"application\/ld+json\" class=\"yoast-schema-graph\">{\"@context\":\"https:\/\/schema.org\",\"@graph\":[{\"@type\":\"Organization\",\"@id\":\"https:\/\/portalseis.com\/#organization\",\"name\":\"portaseis coworking alicante\",\"url\":\"https:\/\/portalseis.com\/\",\"sameAs\":[\"https:\/\/www.facebook.com\/portalSeisCoworking\/\",\"https:\/\/www.instagram.com\/portalSeisCoworking\/\"],\"logo\":{\"@type\":\"ImageObject\",\"@id\":\"https:\/\/portalseis.com\/#logo\",\"inLanguage\":\"es\",\"url\":\"http:\/\/portalseis.com\/wp-content\/uploads\/2017\/10\/LOGO_para-perfil.jpg\",\"contentUrl\":\"http:\/\/portalseis.com\/wp-content\/uploads\/2017\/10\/LOGO_para-perfil.jpg\",\"width\":650,\"height\":650,\"caption\":\"portaseis coworking alicante\"},\"image\":{\"@id\":\"https:\/\/portalseis.com\/#logo\"}},{\"@type\":\"WebSite\",\"@id\":\"https:\/\/portalseis.com\/#website\",\"url\":\"https:\/\/portalseis.com\/\",\"name\":\"portalSeis.Co\",\"description\":\"Creadores de proyectos \u00b7 Inspiring minds\",\"publisher\":{\"@id\":\"https:\/\/portalseis.com\/#organization\"},\"potentialAction\":[{\"@type\":\"SearchAction\",\"target\":{\"@type\":\"EntryPoint\",\"urlTemplate\":\"https:\/\/portalseis.com\/?s={search_term_string}\"},\"query-input\":\"required name=search_term_string\"}],\"inLanguage\":\"es\"},{\"@type\":\"ImageObject\",\"@id\":\"http:\/\/portalseis.com\/index.php\/equipo\/#primaryimage\",\"inLanguage\":\"es\",\"url\":\"http:\/\/portalseis.com\/wp-content\/uploads\/2025\/04\/Paula-Franco-arquitecta-portalSeis.jpg\",\"contentUrl\":\"http:\/\/portalseis.com\/wp-content\/uploads\/2025\/04\/Paula-Franco-arquitecta-portalSeis.jpg\"},{\"@type\":\"WebPage\",\"@id\":\"http:\/\/portalseis.com\/index.php\/equipo\/#webpage\",\"url\":\"http:\/\/portalseis.com\/index.php\/equipo\/\",\"name\":\"Equipo - portalSeis.Co\",\"isPartOf\":{\"@id\":\"https:\/\/portalseis.com\/#website\"},\"primaryImageOfPage\":{\"@id\":\"http:\/\/portalseis.com\/index.php\/equipo\/#primaryimage\"},\"datePublished\":\"2025-03-31T22:25:53+00:00\",\"dateModified\":\"2025-04-02T09:32:45+00:00\",\"breadcrumb\":{\"@id\":\"http:\/\/portalseis.com\/index.php\/equipo\/#breadcrumb\"},\"inLanguage\":\"es\",\"potentialAction\":[{\"@type\":\"ReadAction\",\"target\":[\"http:\/\/portalseis.com\/index.php\/equipo\/\"]}]},{\"@type\":\"BreadcrumbList\",\"@id\":\"http:\/\/portalseis.com\/index.php\/equipo\/#breadcrumb\",\"itemListElement\":[{\"@type\":\"ListItem\",\"position\":1,\"name\":\"Portada\",\"item\":\"https:\/\/portalseis.com\/\"},{\"@type\":\"ListItem\",\"position\":2,\"name\":\"Equipo\"}]}]}<\/script>\n<!-- \/ Yoast SEO plugin. -->","yoast_head_json":{"robots":{"index":"index","follow":"follow","max-snippet":"max-snippet:-1","max-image-preview":"max-image-preview:large","max-video-preview":"max-video-preview:-1"},"canonical":"http:\/\/portalseis.com\/index.php\/equipo\/","og_locale":"es_ES","og_type":"article","og_title":"Equipo - portalSeis.Co","og_description":"Qui\u00e9nes somos Inspiring minds Creamos contextos inspiradores para trabajar con ilusi\u00f3n. Paula Franco Creadora de portalSeis Arquitecta, en 2017 crea portalSeis Coworking, un espacio de trabajo enfocado a inspirar y acompa\u00f1ar el talento de profesionales cuyas ilusiones son intocables, consiguiendo que las sinergias se conviertan, de forma natural, en el esp\u00edritu de este lugar. Durante [&hellip;]","og_url":"http:\/\/portalseis.com\/index.php\/equipo\/","og_site_name":"portalSeis.Co","article_publisher":"https:\/\/www.facebook.com\/portalSeisCoworking\/","article_modified_time":"2025-04-02T09:32:45+00:00","og_image":[{"url":"http:\/\/portalseis.com\/wp-content\/uploads\/2025\/04\/Paula-Franco-arquitecta-portalSeis.jpg"}],"twitter_card":"summary","twitter_misc":{"Tiempo de lectura":"2 minutos"},"schema":{"@context":"https:\/\/schema.org","@graph":[{"@type":"Organization","@id":"https:\/\/portalseis.com\/#organization","name":"portaseis coworking alicante","url":"https:\/\/portalseis.com\/","sameAs":["https:\/\/www.facebook.com\/portalSeisCoworking\/","https:\/\/www.instagram.com\/portalSeisCoworking\/"],"logo":{"@type":"ImageObject","@id":"https:\/\/portalseis.com\/#logo","inLanguage":"es","url":"http:\/\/portalseis.com\/wp-content\/uploads\/2017\/10\/LOGO_para-perfil.jpg","contentUrl":"http:\/\/portalseis.com\/wp-content\/uploads\/2017\/10\/LOGO_para-perfil.jpg","width":650,"height":650,"caption":"portaseis coworking alicante"},"image":{"@id":"https:\/\/portalseis.com\/#logo"}},{"@type":"WebSite","@id":"https:\/\/portalseis.com\/#website","url":"https:\/\/portalseis.com\/","name":"portalSeis.Co","description":"Creadores de proyectos \u00b7 Inspiring minds","publisher":{"@id":"https:\/\/portalseis.com\/#organization"},"potentialAction":[{"@type":"SearchAction","target":{"@type":"EntryPoint","urlTemplate":"https:\/\/portalseis.com\/?s={search_term_string}"},"query-input":"required name=search_term_string"}],"inLanguage":"es"},{"@type":"ImageObject","@id":"http:\/\/portalseis.com\/index.php\/equipo\/#primaryimage","inLanguage":"es","url":"http:\/\/portalseis.com\/wp-content\/uploads\/2025\/04\/Paula-Franco-arquitecta-portalSeis.jpg","contentUrl":"http:\/\/portalseis.com\/wp-content\/uploads\/2025\/04\/Paula-Franco-arquitecta-portalSeis.jpg"},{"@type":"WebPage","@id":"http:\/\/portalseis.com\/index.php\/equipo\/#webpage","url":"http:\/\/portalseis.com\/index.php\/equipo\/","name":"Equipo - portalSeis.Co","isPartOf":{"@id":"https:\/\/portalseis.com\/#website"},"primaryImageOfPage":{"@id":"http:\/\/portalseis.com\/index.php\/equipo\/#primaryimage"},"datePublished":"2025-03-31T22:25:53+00:00","dateModified":"2025-04-02T09:32:45+00:00","breadcrumb":{"@id":"http:\/\/portalseis.com\/index.php\/equipo\/#breadcrumb"},"inLanguage":"es","potentialAction":[{"@type":"ReadAction","target":["http:\/\/portalseis.com\/index.php\/equipo\/"]}]},{"@type":"BreadcrumbList","@id":"http:\/\/portalseis.com\/index.php\/equipo\/#breadcrumb","itemListElement":[{"@type":"ListItem","position":1,"name":"Portada","item":"https:\/\/portalseis.com\/"},{"@type":"ListItem","position":2,"name":"Equipo"}]}]}},"_links":{"self":[{"href":"https:\/\/portalseis.com\/index.php\/wp-json\/wp\/v2\/pages\/6868","targetHints":{"allow":["GET"]}}],"collection":[{"href":"https:\/\/portalseis.com\/index.php\/wp-json\/wp\/v2\/pages"}],"about":[{"href":"https:\/\/portalseis.com\/index.php\/wp-json\/wp\/v2\/types\/page"}],"author":[{"embeddable":true,"href":"https:\/\/portalseis.com\/index.php\/wp-json\/wp\/v2\/users\/1"}],"replies":[{"embeddable":true,"href":"https:\/\/portalseis.com\/index.php\/wp-json\/wp\/v2\/comments?post=6868"}],"version-history":[{"count":45,"href":"https:\/\/portalseis.com\/index.php\/wp-json\/wp\/v2\/pages\/6868\/revisions"}],"predecessor-version":[{"id":7065,"href":"https:\/\/portalseis.com\/index.php\/wp-json\/wp\/v2\/pages\/6868\/revisions\/7065"}],"wp:attachment":[{"href":"https:\/\/portalseis.com\/index.php\/wp-json\/wp\/v2\/media?parent=6868"}],"curies":[{"name":"wp","href":"https:\/\/api.w.org\/{rel}","templated":true}]}}