{"id":6949,"date":"2025-03-31T21:20:23","date_gmt":"2025-03-31T19:20:23","guid":{"rendered":"http:\/\/portalseis.com\/?page_id=6949"},"modified":"2025-03-31T21:47:26","modified_gmt":"2025-03-31T19:47:26","slug":"inspiring-minds","status":"publish","type":"page","link":"https:\/\/portalseis.com\/index.php\/inspiring-minds\/","title":{"rendered":"Inspiring Minds"},"content":{"rendered":"\n<p>Encuentro para 10 mentes inspiradoras del equipo de <a href=\"http:\/\/portalseis.com\/\">portalSeis.Co<\/a>.<br><\/p>\n\n\n\n<figure class=\"wp-block-image aligncenter size-large is-resized\"><img loading=\"lazy\" decoding=\"async\" width=\"1024\" height=\"1024\" src=\"http:\/\/portalseis.com\/wp-content\/uploads\/2025\/03\/Inspiring-Minds-Networking-main-1-1024x1024.jpg\" alt=\"\" class=\"wp-image-6950\" style=\"width:858px;height:auto\" srcset=\"https:\/\/portalseis.com\/wp-content\/uploads\/2025\/03\/Inspiring-Minds-Networking-main-1-1024x1024.jpg 1024w, https:\/\/portalseis.com\/wp-content\/uploads\/2025\/03\/Inspiring-Minds-Networking-main-1-300x300.jpg 300w, https:\/\/portalseis.com\/wp-content\/uploads\/2025\/03\/Inspiring-Minds-Networking-main-1-150x150.jpg 150w, https:\/\/portalseis.com\/wp-content\/uploads\/2025\/03\/Inspiring-Minds-Networking-main-1-768x768.jpg 768w, https:\/\/portalseis.com\/wp-content\/uploads\/2025\/03\/Inspiring-Minds-Networking-main-1.jpg 1049w\" sizes=\"auto, (max-width: 1024px) 100vw, 1024px\" \/><\/figure>\n\n\n\n<figure class=\"wp-block-gallery has-nested-images columns-default is-cropped wp-block-gallery-1 is-layout-flex wp-block-gallery-is-layout-flex\">\n<figure class=\"wp-block-image size-large\"><img loading=\"lazy\" decoding=\"async\" width=\"683\" height=\"1024\" data-id=\"6971\" src=\"http:\/\/portalseis.com\/wp-content\/uploads\/2025\/03\/IMG_20250330_090352-1-683x1024.jpg\" alt=\"\" class=\"wp-image-6971\" srcset=\"https:\/\/portalseis.com\/wp-content\/uploads\/2025\/03\/IMG_20250330_090352-1-683x1024.jpg 683w, https:\/\/portalseis.com\/wp-content\/uploads\/2025\/03\/IMG_20250330_090352-1-200x300.jpg 200w, https:\/\/portalseis.com\/wp-content\/uploads\/2025\/03\/IMG_20250330_090352-1-768x1152.jpg 768w, https:\/\/portalseis.com\/wp-content\/uploads\/2025\/03\/IMG_20250330_090352-1-1024x1536.jpg 1024w, https:\/\/portalseis.com\/wp-content\/uploads\/2025\/03\/IMG_20250330_090352-1-1366x2048.jpg 1366w, https:\/\/portalseis.com\/wp-content\/uploads\/2025\/03\/IMG_20250330_090352-1-scaled.jpg 1707w\" sizes=\"auto, (max-width: 683px) 100vw, 683px\" \/><\/figure>\n\n\n\n<figure class=\"wp-block-image size-large\"><img loading=\"lazy\" decoding=\"async\" width=\"768\" height=\"1024\" data-id=\"6960\" src=\"http:\/\/portalseis.com\/wp-content\/uploads\/2025\/03\/IMG_20250330_003235-768x1024.jpg\" alt=\"\" class=\"wp-image-6960\" srcset=\"https:\/\/portalseis.com\/wp-content\/uploads\/2025\/03\/IMG_20250330_003235-768x1024.jpg 768w, https:\/\/portalseis.com\/wp-content\/uploads\/2025\/03\/IMG_20250330_003235-225x300.jpg 225w, https:\/\/portalseis.com\/wp-content\/uploads\/2025\/03\/IMG_20250330_003235-1152x1536.jpg 1152w, https:\/\/portalseis.com\/wp-content\/uploads\/2025\/03\/IMG_20250330_003235-1536x2048.jpg 1536w, https:\/\/portalseis.com\/wp-content\/uploads\/2025\/03\/IMG_20250330_003235-scaled.jpg 1920w\" sizes=\"auto, (max-width: 768px) 100vw, 768px\" \/><\/figure>\n\n\n\n<figure class=\"wp-block-image size-large\"><img loading=\"lazy\" decoding=\"async\" width=\"709\" height=\"1024\" data-id=\"6964\" src=\"http:\/\/portalseis.com\/wp-content\/uploads\/2025\/03\/Screenshot_2025-03-29-18-59-41-75_1c337646f29875672b5a61192b9010f9-e1743448518621-709x1024.jpg\" alt=\"\" class=\"wp-image-6964\" srcset=\"https:\/\/portalseis.com\/wp-content\/uploads\/2025\/03\/Screenshot_2025-03-29-18-59-41-75_1c337646f29875672b5a61192b9010f9-e1743448518621-709x1024.jpg 709w, https:\/\/portalseis.com\/wp-content\/uploads\/2025\/03\/Screenshot_2025-03-29-18-59-41-75_1c337646f29875672b5a61192b9010f9-e1743448518621-208x300.jpg 208w, https:\/\/portalseis.com\/wp-content\/uploads\/2025\/03\/Screenshot_2025-03-29-18-59-41-75_1c337646f29875672b5a61192b9010f9-e1743448518621-768x1109.jpg 768w, https:\/\/portalseis.com\/wp-content\/uploads\/2025\/03\/Screenshot_2025-03-29-18-59-41-75_1c337646f29875672b5a61192b9010f9-e1743448518621-1063x1536.jpg 1063w, https:\/\/portalseis.com\/wp-content\/uploads\/2025\/03\/Screenshot_2025-03-29-18-59-41-75_1c337646f29875672b5a61192b9010f9-e1743448518621.jpg 1080w\" sizes=\"auto, (max-width: 709px) 100vw, 709px\" \/><\/figure>\n\n\n\n<figure class=\"wp-block-image size-large\"><img loading=\"lazy\" decoding=\"async\" width=\"578\" height=\"1024\" data-id=\"6963\" src=\"http:\/\/portalseis.com\/wp-content\/uploads\/2025\/03\/Screenshot_2025-03-29-18-59-38-43_1c337646f29875672b5a61192b9010f9-e1743448542444-578x1024.jpg\" alt=\"\" class=\"wp-image-6963\" srcset=\"https:\/\/portalseis.com\/wp-content\/uploads\/2025\/03\/Screenshot_2025-03-29-18-59-38-43_1c337646f29875672b5a61192b9010f9-e1743448542444-578x1024.jpg 578w, https:\/\/portalseis.com\/wp-content\/uploads\/2025\/03\/Screenshot_2025-03-29-18-59-38-43_1c337646f29875672b5a61192b9010f9-e1743448542444-169x300.jpg 169w, https:\/\/portalseis.com\/wp-content\/uploads\/2025\/03\/Screenshot_2025-03-29-18-59-38-43_1c337646f29875672b5a61192b9010f9-e1743448542444-768x1361.jpg 768w, https:\/\/portalseis.com\/wp-content\/uploads\/2025\/03\/Screenshot_2025-03-29-18-59-38-43_1c337646f29875672b5a61192b9010f9-e1743448542444-867x1536.jpg 867w, https:\/\/portalseis.com\/wp-content\/uploads\/2025\/03\/Screenshot_2025-03-29-18-59-38-43_1c337646f29875672b5a61192b9010f9-e1743448542444.jpg 1080w\" sizes=\"auto, (max-width: 578px) 100vw, 578px\" \/><\/figure>\n\n\n\n<figure class=\"wp-block-image size-large\"><img loading=\"lazy\" decoding=\"async\" width=\"581\" height=\"1024\" data-id=\"6962\" src=\"http:\/\/portalseis.com\/wp-content\/uploads\/2025\/03\/Screenshot_2025-03-29-18-59-34-53_1c337646f29875672b5a61192b9010f9-e1743448564863-581x1024.jpg\" alt=\"\" class=\"wp-image-6962\" srcset=\"https:\/\/portalseis.com\/wp-content\/uploads\/2025\/03\/Screenshot_2025-03-29-18-59-34-53_1c337646f29875672b5a61192b9010f9-e1743448564863-581x1024.jpg 581w, https:\/\/portalseis.com\/wp-content\/uploads\/2025\/03\/Screenshot_2025-03-29-18-59-34-53_1c337646f29875672b5a61192b9010f9-e1743448564863-170x300.jpg 170w, https:\/\/portalseis.com\/wp-content\/uploads\/2025\/03\/Screenshot_2025-03-29-18-59-34-53_1c337646f29875672b5a61192b9010f9-e1743448564863-768x1355.jpg 768w, https:\/\/portalseis.com\/wp-content\/uploads\/2025\/03\/Screenshot_2025-03-29-18-59-34-53_1c337646f29875672b5a61192b9010f9-e1743448564863-871x1536.jpg 871w, https:\/\/portalseis.com\/wp-content\/uploads\/2025\/03\/Screenshot_2025-03-29-18-59-34-53_1c337646f29875672b5a61192b9010f9-e1743448564863.jpg 1080w\" sizes=\"auto, (max-width: 581px) 100vw, 581px\" \/><\/figure>\n\n\n\n<figure class=\"wp-block-image size-large\"><img loading=\"lazy\" decoding=\"async\" width=\"582\" height=\"1024\" data-id=\"6957\" src=\"http:\/\/portalseis.com\/wp-content\/uploads\/2025\/03\/IMG_20250330_090436-582x1024.jpg\" alt=\"\" class=\"wp-image-6957\" srcset=\"https:\/\/portalseis.com\/wp-content\/uploads\/2025\/03\/IMG_20250330_090436-582x1024.jpg 582w, https:\/\/portalseis.com\/wp-content\/uploads\/2025\/03\/IMG_20250330_090436-171x300.jpg 171w, https:\/\/portalseis.com\/wp-content\/uploads\/2025\/03\/IMG_20250330_090436-768x1351.jpg 768w, https:\/\/portalseis.com\/wp-content\/uploads\/2025\/03\/IMG_20250330_090436-873x1536.jpg 873w, https:\/\/portalseis.com\/wp-content\/uploads\/2025\/03\/IMG_20250330_090436.jpg 1080w\" sizes=\"auto, (max-width: 582px) 100vw, 582px\" \/><\/figure>\n\n\n\n<figure class=\"wp-block-image size-large\"><img loading=\"lazy\" decoding=\"async\" width=\"768\" height=\"1024\" data-id=\"6954\" src=\"http:\/\/portalseis.com\/wp-content\/uploads\/2025\/03\/IMG_20250330_084152-768x1024.jpg\" alt=\"\" class=\"wp-image-6954\" srcset=\"https:\/\/portalseis.com\/wp-content\/uploads\/2025\/03\/IMG_20250330_084152-768x1024.jpg 768w, https:\/\/portalseis.com\/wp-content\/uploads\/2025\/03\/IMG_20250330_084152-225x300.jpg 225w, https:\/\/portalseis.com\/wp-content\/uploads\/2025\/03\/IMG_20250330_084152-1152x1536.jpg 1152w, https:\/\/portalseis.com\/wp-content\/uploads\/2025\/03\/IMG_20250330_084152-1536x2048.jpg 1536w, https:\/\/portalseis.com\/wp-content\/uploads\/2025\/03\/IMG_20250330_084152-scaled.jpg 1920w\" sizes=\"auto, (max-width: 768px) 100vw, 768px\" \/><\/figure>\n\n\n\n<figure class=\"wp-block-image size-large\"><img loading=\"lazy\" decoding=\"async\" width=\"691\" height=\"1024\" data-id=\"6967\" src=\"http:\/\/portalseis.com\/wp-content\/uploads\/2025\/03\/IMG_20250330_003539-1-691x1024.jpg\" alt=\"\" class=\"wp-image-6967\" srcset=\"https:\/\/portalseis.com\/wp-content\/uploads\/2025\/03\/IMG_20250330_003539-1-691x1024.jpg 691w, https:\/\/portalseis.com\/wp-content\/uploads\/2025\/03\/IMG_20250330_003539-1-203x300.jpg 203w, https:\/\/portalseis.com\/wp-content\/uploads\/2025\/03\/IMG_20250330_003539-1-768x1138.jpg 768w, https:\/\/portalseis.com\/wp-content\/uploads\/2025\/03\/IMG_20250330_003539-1-1037x1536.jpg 1037w, https:\/\/portalseis.com\/wp-content\/uploads\/2025\/03\/IMG_20250330_003539-1.jpg 1188w\" sizes=\"auto, (max-width: 691px) 100vw, 691px\" \/><\/figure>\n<\/figure>\n\n\n\n<figure class=\"wp-block-image aligncenter size-large\"><img loading=\"lazy\" decoding=\"async\" width=\"1024\" height=\"803\" src=\"http:\/\/portalseis.com\/wp-content\/uploads\/2025\/03\/IMG_20250330_003403-1-1024x803.jpg\" alt=\"\" class=\"wp-image-6966\" srcset=\"https:\/\/portalseis.com\/wp-content\/uploads\/2025\/03\/IMG_20250330_003403-1-1024x803.jpg 1024w, https:\/\/portalseis.com\/wp-content\/uploads\/2025\/03\/IMG_20250330_003403-1-300x235.jpg 300w, https:\/\/portalseis.com\/wp-content\/uploads\/2025\/03\/IMG_20250330_003403-1-768x602.jpg 768w, https:\/\/portalseis.com\/wp-content\/uploads\/2025\/03\/IMG_20250330_003403-1-1536x1205.jpg 1536w, https:\/\/portalseis.com\/wp-content\/uploads\/2025\/03\/IMG_20250330_003403-1-2048x1606.jpg 2048w\" sizes=\"auto, (max-width: 1024px) 100vw, 1024px\" \/><\/figure>\n\n\n\n<p>Equipo portalSeis:<br>&#8211; Idea original.<br>&#8211; Localizaci\u00f3n.<br>&#8211; Fotograf\u00eda.<br>&#8211; Dise\u00f1o floral.<br>&#8211; Catering.<br>&#8211;<em> Inspiring Minds<\/em> <a href=\"https:\/\/www.instagram.com\/portalseis.co\/\">@portalseis.co<\/a><\/p>\n\n\n\n<p><\/p>\n","protected":false},"excerpt":{"rendered":"<p>Encuentro para 10 mentes inspiradoras del equipo de portalSeis.Co. Equipo portalSeis:&#8211; Idea original.&#8211; Localizaci\u00f3n.&#8211; Fotograf\u00eda.&#8211; Dise\u00f1o floral.&#8211; Catering.&#8211; Inspiring Minds @portalseis.co<\/p>\n","protected":false},"author":1,"featured_media":0,"parent":0,"menu_order":0,"comment_status":"closed","ping_status":"closed","template":"","meta":{"footnotes":""},"class_list":["post-6949","page","type-page","status-publish","hentry"],"yoast_head":"<!-- This site is optimized with the Yoast SEO plugin v18.0 - https:\/\/yoast.com\/wordpress\/plugins\/seo\/ -->\n<meta name=\"robots\" content=\"index, follow, max-snippet:-1, max-image-preview:large, max-video-preview:-1\" \/>\n<link rel=\"canonical\" href=\"https:\/\/portalseis.com\/index.php\/inspiring-minds\/\" \/>\n<meta property=\"og:locale\" content=\"es_ES\" \/>\n<meta property=\"og:type\" content=\"article\" \/>\n<meta property=\"og:title\" content=\"Inspiring Minds - portalSeis.Co\" \/>\n<meta property=\"og:description\" content=\"Encuentro para 10 mentes inspiradoras del equipo de portalSeis.Co. Equipo portalSeis:&#8211; Idea original.&#8211; Localizaci\u00f3n.&#8211; Fotograf\u00eda.&#8211; Dise\u00f1o floral.&#8211; Catering.&#8211; Inspiring Minds @portalseis.co\" \/>\n<meta property=\"og:url\" content=\"https:\/\/portalseis.com\/index.php\/inspiring-minds\/\" \/>\n<meta property=\"og:site_name\" content=\"portalSeis.Co\" \/>\n<meta property=\"article:publisher\" content=\"https:\/\/www.facebook.com\/portalSeisCoworking\/\" \/>\n<meta property=\"article:modified_time\" content=\"2025-03-31T19:47:26+00:00\" \/>\n<meta property=\"og:image\" content=\"http:\/\/portalseis.com\/wp-content\/uploads\/2025\/03\/Inspiring-Minds-Networking-main-1-1024x1024.jpg\" \/>\n<meta name=\"twitter:card\" content=\"summary\" \/>\n<script type=\"application\/ld+json\" class=\"yoast-schema-graph\">{\"@context\":\"https:\/\/schema.org\",\"@graph\":[{\"@type\":\"Organization\",\"@id\":\"https:\/\/portalseis.com\/#organization\",\"name\":\"portaseis coworking alicante\",\"url\":\"https:\/\/portalseis.com\/\",\"sameAs\":[\"https:\/\/www.facebook.com\/portalSeisCoworking\/\",\"https:\/\/www.instagram.com\/portalSeisCoworking\/\"],\"logo\":{\"@type\":\"ImageObject\",\"@id\":\"https:\/\/portalseis.com\/#logo\",\"inLanguage\":\"es\",\"url\":\"http:\/\/portalseis.com\/wp-content\/uploads\/2017\/10\/LOGO_para-perfil.jpg\",\"contentUrl\":\"http:\/\/portalseis.com\/wp-content\/uploads\/2017\/10\/LOGO_para-perfil.jpg\",\"width\":650,\"height\":650,\"caption\":\"portaseis coworking alicante\"},\"image\":{\"@id\":\"https:\/\/portalseis.com\/#logo\"}},{\"@type\":\"WebSite\",\"@id\":\"https:\/\/portalseis.com\/#website\",\"url\":\"https:\/\/portalseis.com\/\",\"name\":\"portalSeis.Co\",\"description\":\"Creadores de proyectos \u00b7 Inspiring minds\",\"publisher\":{\"@id\":\"https:\/\/portalseis.com\/#organization\"},\"potentialAction\":[{\"@type\":\"SearchAction\",\"target\":{\"@type\":\"EntryPoint\",\"urlTemplate\":\"https:\/\/portalseis.com\/?s={search_term_string}\"},\"query-input\":\"required name=search_term_string\"}],\"inLanguage\":\"es\"},{\"@type\":\"ImageObject\",\"@id\":\"https:\/\/portalseis.com\/index.php\/inspiring-minds\/#primaryimage\",\"inLanguage\":\"es\",\"url\":\"http:\/\/portalseis.com\/wp-content\/uploads\/2025\/03\/Inspiring-Minds-Networking-main-1-1024x1024.jpg\",\"contentUrl\":\"http:\/\/portalseis.com\/wp-content\/uploads\/2025\/03\/Inspiring-Minds-Networking-main-1-1024x1024.jpg\"},{\"@type\":\"WebPage\",\"@id\":\"https:\/\/portalseis.com\/index.php\/inspiring-minds\/#webpage\",\"url\":\"https:\/\/portalseis.com\/index.php\/inspiring-minds\/\",\"name\":\"Inspiring Minds - portalSeis.Co\",\"isPartOf\":{\"@id\":\"https:\/\/portalseis.com\/#website\"},\"primaryImageOfPage\":{\"@id\":\"https:\/\/portalseis.com\/index.php\/inspiring-minds\/#primaryimage\"},\"datePublished\":\"2025-03-31T19:20:23+00:00\",\"dateModified\":\"2025-03-31T19:47:26+00:00\",\"breadcrumb\":{\"@id\":\"https:\/\/portalseis.com\/index.php\/inspiring-minds\/#breadcrumb\"},\"inLanguage\":\"es\",\"potentialAction\":[{\"@type\":\"ReadAction\",\"target\":[\"https:\/\/portalseis.com\/index.php\/inspiring-minds\/\"]}]},{\"@type\":\"BreadcrumbList\",\"@id\":\"https:\/\/portalseis.com\/index.php\/inspiring-minds\/#breadcrumb\",\"itemListElement\":[{\"@type\":\"ListItem\",\"position\":1,\"name\":\"Portada\",\"item\":\"https:\/\/portalseis.com\/\"},{\"@type\":\"ListItem\",\"position\":2,\"name\":\"Inspiring Minds\"}]}]}<\/script>\n<!-- \/ Yoast SEO plugin. -->","yoast_head_json":{"robots":{"index":"index","follow":"follow","max-snippet":"max-snippet:-1","max-image-preview":"max-image-preview:large","max-video-preview":"max-video-preview:-1"},"canonical":"https:\/\/portalseis.com\/index.php\/inspiring-minds\/","og_locale":"es_ES","og_type":"article","og_title":"Inspiring Minds - portalSeis.Co","og_description":"Encuentro para 10 mentes inspiradoras del equipo de portalSeis.Co. Equipo portalSeis:&#8211; Idea original.&#8211; Localizaci\u00f3n.&#8211; Fotograf\u00eda.&#8211; Dise\u00f1o floral.&#8211; Catering.&#8211; Inspiring Minds @portalseis.co","og_url":"https:\/\/portalseis.com\/index.php\/inspiring-minds\/","og_site_name":"portalSeis.Co","article_publisher":"https:\/\/www.facebook.com\/portalSeisCoworking\/","article_modified_time":"2025-03-31T19:47:26+00:00","og_image":[{"url":"http:\/\/portalseis.com\/wp-content\/uploads\/2025\/03\/Inspiring-Minds-Networking-main-1-1024x1024.jpg"}],"twitter_card":"summary","schema":{"@context":"https:\/\/schema.org","@graph":[{"@type":"Organization","@id":"https:\/\/portalseis.com\/#organization","name":"portaseis coworking alicante","url":"https:\/\/portalseis.com\/","sameAs":["https:\/\/www.facebook.com\/portalSeisCoworking\/","https:\/\/www.instagram.com\/portalSeisCoworking\/"],"logo":{"@type":"ImageObject","@id":"https:\/\/portalseis.com\/#logo","inLanguage":"es","url":"http:\/\/portalseis.com\/wp-content\/uploads\/2017\/10\/LOGO_para-perfil.jpg","contentUrl":"http:\/\/portalseis.com\/wp-content\/uploads\/2017\/10\/LOGO_para-perfil.jpg","width":650,"height":650,"caption":"portaseis coworking alicante"},"image":{"@id":"https:\/\/portalseis.com\/#logo"}},{"@type":"WebSite","@id":"https:\/\/portalseis.com\/#website","url":"https:\/\/portalseis.com\/","name":"portalSeis.Co","description":"Creadores de proyectos \u00b7 Inspiring minds","publisher":{"@id":"https:\/\/portalseis.com\/#organization"},"potentialAction":[{"@type":"SearchAction","target":{"@type":"EntryPoint","urlTemplate":"https:\/\/portalseis.com\/?s={search_term_string}"},"query-input":"required name=search_term_string"}],"inLanguage":"es"},{"@type":"ImageObject","@id":"https:\/\/portalseis.com\/index.php\/inspiring-minds\/#primaryimage","inLanguage":"es","url":"http:\/\/portalseis.com\/wp-content\/uploads\/2025\/03\/Inspiring-Minds-Networking-main-1-1024x1024.jpg","contentUrl":"http:\/\/portalseis.com\/wp-content\/uploads\/2025\/03\/Inspiring-Minds-Networking-main-1-1024x1024.jpg"},{"@type":"WebPage","@id":"https:\/\/portalseis.com\/index.php\/inspiring-minds\/#webpage","url":"https:\/\/portalseis.com\/index.php\/inspiring-minds\/","name":"Inspiring Minds - portalSeis.Co","isPartOf":{"@id":"https:\/\/portalseis.com\/#website"},"primaryImageOfPage":{"@id":"https:\/\/portalseis.com\/index.php\/inspiring-minds\/#primaryimage"},"datePublished":"2025-03-31T19:20:23+00:00","dateModified":"2025-03-31T19:47:26+00:00","breadcrumb":{"@id":"https:\/\/portalseis.com\/index.php\/inspiring-minds\/#breadcrumb"},"inLanguage":"es","potentialAction":[{"@type":"ReadAction","target":["https:\/\/portalseis.com\/index.php\/inspiring-minds\/"]}]},{"@type":"BreadcrumbList","@id":"https:\/\/portalseis.com\/index.php\/inspiring-minds\/#breadcrumb","itemListElement":[{"@type":"ListItem","position":1,"name":"Portada","item":"https:\/\/portalseis.com\/"},{"@type":"ListItem","position":2,"name":"Inspiring Minds"}]}]}},"_links":{"self":[{"href":"https:\/\/portalseis.com\/index.php\/wp-json\/wp\/v2\/pages\/6949","targetHints":{"allow":["GET"]}}],"collection":[{"href":"https:\/\/portalseis.com\/index.php\/wp-json\/wp\/v2\/pages"}],"about":[{"href":"https:\/\/portalseis.com\/index.php\/wp-json\/wp\/v2\/types\/page"}],"author":[{"embeddable":true,"href":"https:\/\/portalseis.com\/index.php\/wp-json\/wp\/v2\/users\/1"}],"replies":[{"embeddable":true,"href":"https:\/\/portalseis.com\/index.php\/wp-json\/wp\/v2\/comments?post=6949"}],"version-history":[{"count":9,"href":"https:\/\/portalseis.com\/index.php\/wp-json\/wp\/v2\/pages\/6949\/revisions"}],"predecessor-version":[{"id":7003,"href":"https:\/\/portalseis.com\/index.php\/wp-json\/wp\/v2\/pages\/6949\/revisions\/7003"}],"wp:attachment":[{"href":"https:\/\/portalseis.com\/index.php\/wp-json\/wp\/v2\/media?parent=6949"}],"curies":[{"name":"wp","href":"https:\/\/api.w.org\/{rel}","templated":true}]}}