{"id":7,"date":"2017-06-01T20:48:12","date_gmt":"2017-06-01T18:48:12","guid":{"rendered":"http:\/\/portalseis.com\/?page_id=7"},"modified":"2025-01-22T20:04:43","modified_gmt":"2025-01-22T19:04:43","slug":"creadores-proyectos-impulso-creativo-gestion-talent-management-proyectos-projects","status":"publish","type":"page","link":"https:\/\/portalseis.com\/","title":{"rendered":"portalSeis"},"content":{"rendered":"\n<h2 class=\"wp-block-heading alignwide\" id=\"we-re-a-studio-in-berlin-with-an-international-practice-in-architecture-urban-planning-and-interior-design-we-believe-in-sharing-knowledge-and-promoting-dialogue-to-increase-the-creative-potential-of-collaboration\" style=\"font-size:clamp(27.894px, 1.743rem + ((1vw - 3.2px) * 2.285), 48px);line-height:1.1\">Creamos contextos inspiradores para trabajar con ilusi\u00f3n. La propuesta de cambio abre un mundo nuevo, es un reto que genera una energ\u00eda muy positiva. Cuesti\u00f3n de satisfacci\u00f3n.<br><br>P R \u00d3 X I M A M E N T E<\/h2>\n\n\n\n<p><\/p>\n\n\n\n<h6 class=\"wp-block-heading alignwide has-text-align-center\">contacto: info@portalseis.com<\/h6>\n\n\n\n<h6 class=\"wp-block-heading alignwide has-text-align-center\">\u00a9 2025 portalSeis<\/h6>\n\n\n\n<p><\/p>\n\n\n\n<div class=\"wp-block-columns is-layout-flex wp-container-core-columns-is-layout-28f84493 wp-block-columns-is-layout-flex\">\n<div class=\"wp-block-column is-layout-flow wp-block-column-is-layout-flow\" style=\"flex-basis:100%\"><\/div>\n<\/div>\n\n\n\n<p><\/p>\n\n\n\n<p><\/p>\n","protected":false},"excerpt":{"rendered":"<p>Creamos contextos inspiradores para trabajar con ilusi\u00f3n. La propuesta de cambio abre un mundo nuevo, es un reto que genera una energ\u00eda muy positiva. Cuesti\u00f3n de satisfacci\u00f3n. P R \u00d3 X I M A M E N T E contacto: info@portalseis.com \u00a9 2025 portalSeis<\/p>\n","protected":false},"author":1,"featured_media":0,"parent":0,"menu_order":0,"comment_status":"closed","ping_status":"closed","template":"","meta":{"footnotes":""},"class_list":["post-7","page","type-page","status-publish","hentry"],"yoast_head":"<!-- This site is optimized with the Yoast SEO plugin v18.0 - https:\/\/yoast.com\/wordpress\/plugins\/seo\/ -->\n<meta name=\"description\" content=\"Creamos contextos inspiradores para trabajar con ilusi\u00f3n. Creadores de proyectos.\" \/>\n<meta name=\"robots\" content=\"index, follow, max-snippet:-1, max-image-preview:large, max-video-preview:-1\" \/>\n<link rel=\"canonical\" href=\"https:\/\/portalseis.com\/\" \/>\n<meta property=\"og:locale\" content=\"es_ES\" \/>\n<meta property=\"og:type\" content=\"article\" \/>\n<meta property=\"og:title\" content=\"portalSeis portalSeis.Co Creadores de proyectos \u00b7 Inspiring minds\" \/>\n<meta property=\"og:description\" content=\"Creamos contextos inspiradores para trabajar con ilusi\u00f3n. Creadores de proyectos.\" \/>\n<meta property=\"og:url\" content=\"https:\/\/portalseis.com\/\" \/>\n<meta property=\"og:site_name\" content=\"portalSeis.Co\" \/>\n<meta property=\"article:publisher\" content=\"https:\/\/www.facebook.com\/portalSeisCoworking\/\" \/>\n<meta property=\"article:modified_time\" content=\"2025-01-22T19:04:43+00:00\" \/>\n<meta name=\"twitter:card\" content=\"summary\" \/>\n<meta name=\"twitter:label1\" content=\"Tiempo de lectura\" \/>\n\t<meta name=\"twitter:data1\" content=\"1 minuto\" \/>\n<script type=\"application\/ld+json\" class=\"yoast-schema-graph\">{\"@context\":\"https:\/\/schema.org\",\"@graph\":[{\"@type\":\"Organization\",\"@id\":\"https:\/\/portalseis.com\/#organization\",\"name\":\"portaseis coworking alicante\",\"url\":\"https:\/\/portalseis.com\/\",\"sameAs\":[\"https:\/\/www.facebook.com\/portalSeisCoworking\/\",\"https:\/\/www.instagram.com\/portalSeisCoworking\/\"],\"logo\":{\"@type\":\"ImageObject\",\"@id\":\"https:\/\/portalseis.com\/#logo\",\"inLanguage\":\"es\",\"url\":\"http:\/\/portalseis.com\/wp-content\/uploads\/2017\/10\/LOGO_para-perfil.jpg\",\"contentUrl\":\"http:\/\/portalseis.com\/wp-content\/uploads\/2017\/10\/LOGO_para-perfil.jpg\",\"width\":650,\"height\":650,\"caption\":\"portaseis coworking alicante\"},\"image\":{\"@id\":\"https:\/\/portalseis.com\/#logo\"}},{\"@type\":\"WebSite\",\"@id\":\"https:\/\/portalseis.com\/#website\",\"url\":\"https:\/\/portalseis.com\/\",\"name\":\"portalSeis.Co\",\"description\":\"Creadores de proyectos \u00b7 Inspiring minds\",\"publisher\":{\"@id\":\"https:\/\/portalseis.com\/#organization\"},\"potentialAction\":[{\"@type\":\"SearchAction\",\"target\":{\"@type\":\"EntryPoint\",\"urlTemplate\":\"https:\/\/portalseis.com\/?s={search_term_string}\"},\"query-input\":\"required name=search_term_string\"}],\"inLanguage\":\"es\"},{\"@type\":\"WebPage\",\"@id\":\"https:\/\/portalseis.com\/#webpage\",\"url\":\"https:\/\/portalseis.com\/\",\"name\":\"portalSeis portalSeis.Co Creadores de proyectos \u00b7 Inspiring minds\",\"isPartOf\":{\"@id\":\"https:\/\/portalseis.com\/#website\"},\"datePublished\":\"2017-06-01T18:48:12+00:00\",\"dateModified\":\"2025-01-22T19:04:43+00:00\",\"description\":\"Creamos contextos inspiradores para trabajar con ilusi\u00f3n. Creadores de proyectos.\",\"breadcrumb\":{\"@id\":\"https:\/\/portalseis.com\/#breadcrumb\"},\"inLanguage\":\"es\",\"potentialAction\":[{\"@type\":\"ReadAction\",\"target\":[\"https:\/\/portalseis.com\/\"]}]},{\"@type\":\"BreadcrumbList\",\"@id\":\"https:\/\/portalseis.com\/#breadcrumb\",\"itemListElement\":[{\"@type\":\"ListItem\",\"position\":1,\"name\":\"Portada\",\"item\":\"https:\/\/portalseis.com\/\"},{\"@type\":\"ListItem\",\"position\":2,\"name\":\"portalSeis\"}]}]}<\/script>\n<!-- \/ Yoast SEO plugin. -->","yoast_head_json":{"description":"Creamos contextos inspiradores para trabajar con ilusi\u00f3n. Creadores de proyectos.","robots":{"index":"index","follow":"follow","max-snippet":"max-snippet:-1","max-image-preview":"max-image-preview:large","max-video-preview":"max-video-preview:-1"},"canonical":"https:\/\/portalseis.com\/","og_locale":"es_ES","og_type":"article","og_title":"portalSeis portalSeis.Co Creadores de proyectos \u00b7 Inspiring minds","og_description":"Creamos contextos inspiradores para trabajar con ilusi\u00f3n. Creadores de proyectos.","og_url":"https:\/\/portalseis.com\/","og_site_name":"portalSeis.Co","article_publisher":"https:\/\/www.facebook.com\/portalSeisCoworking\/","article_modified_time":"2025-01-22T19:04:43+00:00","twitter_card":"summary","twitter_misc":{"Tiempo de lectura":"1 minuto"},"schema":{"@context":"https:\/\/schema.org","@graph":[{"@type":"Organization","@id":"https:\/\/portalseis.com\/#organization","name":"portaseis coworking alicante","url":"https:\/\/portalseis.com\/","sameAs":["https:\/\/www.facebook.com\/portalSeisCoworking\/","https:\/\/www.instagram.com\/portalSeisCoworking\/"],"logo":{"@type":"ImageObject","@id":"https:\/\/portalseis.com\/#logo","inLanguage":"es","url":"http:\/\/portalseis.com\/wp-content\/uploads\/2017\/10\/LOGO_para-perfil.jpg","contentUrl":"http:\/\/portalseis.com\/wp-content\/uploads\/2017\/10\/LOGO_para-perfil.jpg","width":650,"height":650,"caption":"portaseis coworking alicante"},"image":{"@id":"https:\/\/portalseis.com\/#logo"}},{"@type":"WebSite","@id":"https:\/\/portalseis.com\/#website","url":"https:\/\/portalseis.com\/","name":"portalSeis.Co","description":"Creadores de proyectos \u00b7 Inspiring minds","publisher":{"@id":"https:\/\/portalseis.com\/#organization"},"potentialAction":[{"@type":"SearchAction","target":{"@type":"EntryPoint","urlTemplate":"https:\/\/portalseis.com\/?s={search_term_string}"},"query-input":"required name=search_term_string"}],"inLanguage":"es"},{"@type":"WebPage","@id":"https:\/\/portalseis.com\/#webpage","url":"https:\/\/portalseis.com\/","name":"portalSeis portalSeis.Co Creadores de proyectos \u00b7 Inspiring minds","isPartOf":{"@id":"https:\/\/portalseis.com\/#website"},"datePublished":"2017-06-01T18:48:12+00:00","dateModified":"2025-01-22T19:04:43+00:00","description":"Creamos contextos inspiradores para trabajar con ilusi\u00f3n. Creadores de proyectos.","breadcrumb":{"@id":"https:\/\/portalseis.com\/#breadcrumb"},"inLanguage":"es","potentialAction":[{"@type":"ReadAction","target":["https:\/\/portalseis.com\/"]}]},{"@type":"BreadcrumbList","@id":"https:\/\/portalseis.com\/#breadcrumb","itemListElement":[{"@type":"ListItem","position":1,"name":"Portada","item":"https:\/\/portalseis.com\/"},{"@type":"ListItem","position":2,"name":"portalSeis"}]}]}},"_links":{"self":[{"href":"https:\/\/portalseis.com\/index.php\/wp-json\/wp\/v2\/pages\/7","targetHints":{"allow":["GET"]}}],"collection":[{"href":"https:\/\/portalseis.com\/index.php\/wp-json\/wp\/v2\/pages"}],"about":[{"href":"https:\/\/portalseis.com\/index.php\/wp-json\/wp\/v2\/types\/page"}],"author":[{"embeddable":true,"href":"https:\/\/portalseis.com\/index.php\/wp-json\/wp\/v2\/users\/1"}],"replies":[{"embeddable":true,"href":"https:\/\/portalseis.com\/index.php\/wp-json\/wp\/v2\/comments?post=7"}],"version-history":[{"count":90,"href":"https:\/\/portalseis.com\/index.php\/wp-json\/wp\/v2\/pages\/7\/revisions"}],"predecessor-version":[{"id":6830,"href":"https:\/\/portalseis.com\/index.php\/wp-json\/wp\/v2\/pages\/7\/revisions\/6830"}],"wp:attachment":[{"href":"https:\/\/portalseis.com\/index.php\/wp-json\/wp\/v2\/media?parent=7"}],"curies":[{"name":"wp","href":"https:\/\/api.w.org\/{rel}","templated":true}]}}